s the greatest common divisor of l and a?
9
Let p = -3 - -18. Let g(n) = 2*n - 19. Let a be g(13). Let k = a + p. What is the greatest common divisor of k and 110?
22
Suppose -4*o = 4*b - 10500, -11*o - 2629 = -12*o + b. Calculate the greatest common divisor of o and 37.
37
Let m(g) = -g**2 - 7*g - 48. Let t be m(-6). Let d = 52 + t. Calculate the highest common factor of d and 20.
10
Let q = -49 - -121. Suppose 5*m = 890 - 290. Suppose -165 + m = -5*a. What is the greatest common divisor of q and a?
9
Suppose -2*a - 8*n = -3*n - 3, 2*n + 2 = 0. Suppose -5*r + 76 = 3*v, -v - 7*r + 20 = -a*r. What is the greatest common divisor of v and 64?
32
Let z(b) = -12*b**2 - 445*b + 34. Let y be z(-20). What is the greatest common factor of y and 78?
78
Suppose -18 = 27*g - 33*g. Let z be (1 + (-8)/g)*-15. What is the highest common divisor of z and 25?
25
Let n be 4/(12/(-21))*23. Let i = -71 - n. Suppose 2*r = -0*r + i. What is the highest common divisor of r and 5?
5
Suppose -263 - 210 = -z. Calculate the highest common factor of z and 99.
11
Suppose 2*b + 5*n = -3*b + 105, -2*n + 58 = 3*b. Calculate the highest common divisor of 320 and b.
16
Let f be 12/(-8)*(-8 - -2). Calculate the greatest common divisor of f and 279.
9
Suppose 0 = 4*w - 5*w. Suppose v + 1 = -w*v. Let d = 33 + v. Calculate the highest common factor of 4 and d.
4
Let q be (-1)/((-196)/276 - (-4)/6). Calculate the greatest common divisor of 299 and q.
23
Let y(c) be the second derivative of -c**3/6 + 11*c**2 - 135*c. Let o = 1 - 1. Let b be y(o). Calculate the greatest common divisor of b and 22.
22
Let t = 0 - -14. Let l be (1/2)/((-6)/(-24)). Let q be (16/(-28))/(l/(-7)). What is the greatest common divisor of t and q?
2
Let n = 1020 + -780. What is the highest common divisor of 70 and n?
10
Suppose -c = 4*w + 12 - 0, 5*w + 15 = c. Let i = w + 4. Suppose 0 = 5*q + 2*n - 33, -n + i - 7 = -2*q. What is the highest common divisor of 55 and q?
5
Let m = -1005 - -1028. Calculate the greatest common divisor of m and 506.
23
Let a = -494 - -1292. What is the highest common factor of a and 42?
42
Let h(q) be the first derivative of -q**3/3 + 23*q**2/2 - 50*q + 22. Let z be h(20). Calculate the highest common factor of 110 and z.
10
Suppose 2*j + 20 = 4. Let a be j/36 + 7782/27. Let d be 542/15 + 6/(-45). Calculate the greatest common divisor of d and a.
36
Suppose 58*o = 44*o + 336. What is the greatest common divisor of 96 and o?
24
Let g(k) = k**3 - 5*k**2 + k - 5. Let z be g(5). Suppose z = 6*p - p, 2*v + 4*p = 24. Let s = v + 5. What is the greatest common divisor of s and 17?
17
Let z be (-1)/5 + 78/15. Suppose -z*n + 0 = -10. Suppose n*h - 9 = 11. Calculate the greatest common factor of h and 80.
10
Let v = 22 - 11. Suppose -5*o + v = -14. Let l(q) = 3*q**2 - 3*q - 3. Let x be l(-2). Calculate the highest common factor of x and o.
5
Let d = -25 - -25. Let n be -2 - 31*(-1 - d). What is the greatest common factor of n and 145?
29
Suppose 0 = -2*o + 3*i - 341 + 1138, 2004 = 5*o + 4*i. Suppose 2*u = -z + 140, -o = -3*z - u - 0*u. Calculate the greatest common factor of z and 12.
12
Let m = -114 + 120. Let p be 60/14 - 4 - (-54)/7. What is the greatest common factor of m and p?
2
Suppose -183 + 821 = 2*g. Calculate the highest common factor of 11 and g.
11
Suppose 0 = -4*a - 8, -f - 42 = -2*f + 2*a. Calculate the greatest common divisor of 76 and f.
38
Suppose -2*p + 5*p = -21. Let j(k) be the third derivative of -5*k**4/12 - 8*k**3/3 - 14*k**2. Let u be j(p). Calculate the highest common factor of 36 and u.
18
Suppose -v - 3*b = 25, 3*b - 5 - 26 = v. Let n(u) = -u**2 - 3*u. Let k be n(-6). Let t = k - v. What is the greatest common divisor of t and 50?
10
Let n(g) = 13 + 8*g**2 - 9*g**2 - 9. Let q(p) = -p**2 + 5*p. Let u be q(5). Let x be n(u). Calculate the greatest common factor of 10 and x.
2
Suppose -4*x + 3*s - 8 + 44 = 0, -18 = -2*x + 4*s. Suppose -x = -y + 21. Let q(d) = -d**3 + 4*d. Let i be q(-3). What is the greatest common divisor of i and y?
15
Let y(q) = -87*q + 141. Let b be y(-5). What is the greatest common divisor of 36 and b?
36
Let r(h) = h**3 + 8*h**2. Let f be r(-8). Suppose f = -5*g + 2*g + 12. Suppose j = -g + 12. Calculate the highest common factor of 2 and j.
2
Let g = 6 - -4. Let v(f) = f**3 - 24*f**2 - 7*f + 55. Let a be v(24). Let s = -109 - a. What is the highest common divisor of g and s?
2
Suppose 0 = -9*i - 5969 + 18020. What is the greatest common factor of i and 206?
103
Let r(b) = -b**2 + 9*b. Let c be r(4). Let u be (-936)/(-108) + (1 - 5/3). What is the highest common divisor of u and c?
4
Suppose -10 = -l - 3. Let c be ((-2)/4)/(l/(-182)). Calculate the highest common divisor of 39 and c.
13
Let v = -218 + 386. What is the highest common divisor of 24 and v?
24
Let c be (11 - 15)*1/(-2). Let r(d) = 2*d + 6. Let f be r(-4). Let b = f - -4. Calculate the greatest common factor of b and c.
2
Let g = 816 + -810. What is the highest common factor of g and 102?
6
Let d = 358 + -320. What is the greatest common factor of d and 418?
38
Let p = -21 + 29. Let n(u) = u - 8. Let k be n(p). Suppose 2*t - 3*f + 0*f + 9 = k, f + 10 = 5*t. Calculate the greatest common divisor of t and 3.
3
Let j = 2086 - 2044. What is the highest common divisor of 3192 and j?
42
Suppose 16 + 2 = -3*o. Suppose -2*u + 40 = 3*u. Let z be -3*u/o - -73. What is the highest common factor of 11 and z?
11
Let s(v) = 33*v - 2. Let m be s(-4). Let x = m - -152. Calculate the greatest common factor of 90 and x.
18
Suppose -4*c - 12*x = -9*x - 411, 0 = -2*c + 4*x + 178. What is the greatest common divisor of 27 and c?
9
Let y = 27 - -108. Calculate the greatest common factor of 5 and y.
5
Let c be -14*4/(-8)*(0 - -1). Let u(z) = 7*z**2 - 10*z + 21. Let w be u(c). Calculate the highest common factor of 42 and w.
42
Let o = -1266 + 1614. What is the highest common divisor of 3 and o?
3
Let n = -20 + 33. Suppose 0 = -2*x + 4*u + 5 + n, -4*x - 2*u = -16. Suppose x*m = 4*j + m - 4, 4*m - 4 = 2*j. Calculate the highest common divisor of 12 and j.
4
Let x be 7 + 0 - (-3 - -4)/1. Suppose 0 = x*q - q + 4*r - 92, 3*r = 3*q - 66. Calculate the greatest common divisor of q and 60.
20
Suppose y = 4*o + 6*y - 7, 2*y + 8 = 2*o. Let k be (-9)/(o - 4) + -4. Let g = 15 - 0. Calculate the highest common divisor of k and g.
5
Let l be (-1 - -42)*(-1)/1. Let n = -68 - l. Let v = n + 38. What is the highest common divisor of 99 and v?
11
Let c = 3 - -7. Suppose 593*n - 587*n - 60 = 0. What is the highest common factor of n and c?
10
Suppose -2*i + 5 = 35. Let j be 9/i - (-65)/25. What is the greatest common divisor of j and 16?
2
Let l(k) = -k**3 + 26*k**2 - 50*k + 48. Let c be l(24). Let r = 1 - 2. Let h = c - r. Calculate the highest common divisor of 4 and h.
1
Let v be (2 + 0)*33/2. Let w(d) be the second derivative of d**3 - d**2/2 - 27*d. Let g be w(2). What is the highest common factor of v and g?
11
Suppose -4*i = -0*i - 32. Let t(s) = -s**2 + 20*s + 4. Let y be t(14). What is the highest common factor of y and i?
8
Suppose -5*l + 38 + 62 = 0. Let v = l + -4. Let f(w) = -w**2 - 7*w + 10. Let p be f(-8). Calculate the greatest common factor of v and p.
2
Let u(h) = -126*h - 338. Let q be u(-7). What is the highest common factor of q and 51?
17
Suppose 4*n = -2*v + 2*n + 1538, -3*v + n = -2295. Let z = v - 1410. Let i be (-4)/(-6) - z/6. Calculate the greatest common factor of 12 and i.
12
Let z = 13 - -5. Suppose -x = k + 16, 2*x + 24 = -4*k - 18. Let n = z + x. What is the greatest common factor of n and 7?
7
Let u = 20 - 0. Let b(k) = 8*k - 312. Let g be b(44). What is the greatest common factor of g and u?
20
Suppose 12193 = 32*a + 961. What is the highest common divisor of 65 and a?
13
Let i be 1*(15 - 21) - (1 + -2022). What is the highest common factor of 65 and i?
65
Suppose -2*a - 5 = -y, -5*y + 2 - 52 = 5*a. Let m be (a/((-70)/32) + -4)*-28. Calculate the highest common divisor of m and 80.
16
Let t(o) = o**2 - 6*o - 13. Let p be t(8). Suppose 0 = p*q - 15, 2*u + 4*q - 23 - 17 = 0. What is the greatest common divisor of u and 20?
10
Let k = -20 - -29. Let n be 4/(-1 - 3) - -3. Suppose 0 = -n*s + 42 + 12. Calculate the greatest common divisor of s and k.
9
Let v(x) be the first derivative of x